{"id":172247,"date":"2026-03-12T12:31:36","date_gmt":"2026-03-12T12:31:36","guid":{"rendered":"https:\/\/fluxodigital.fuvigo.com\/?page_id=172247"},"modified":"2026-04-30T09:39:57","modified_gmt":"2026-04-30T09:39:57","slug":"politica-privacidade","status":"publish","type":"page","link":"https:\/\/fluxodigital.fuvigo.com\/index.php\/politica-privacidade\/","title":{"rendered":"Pol\u00edtica Privacidade"},"content":{"rendered":"\t\t<div data-elementor-type=\"wp-page\" data-elementor-id=\"172247\" class=\"elementor elementor-172247\">\n\t\t\t\t<div data-aos-once=\"true\" class=\"elementor-element elementor-element-8a93995 e-flex e-con-boxed e-con e-parent\" data-id=\"8a93995\" data-element_type=\"container\" data-e-type=\"container\">\n\t\t\t\t\t<div class=\"e-con-inner\">\n\t\t\t\t<div data-aos-once=\"true\" class=\"elementor-element elementor-element-9a5cbfd elementor-widget elementor-widget-spacer\" data-id=\"9a5cbfd\" data-element_type=\"widget\" data-e-type=\"widget\" data-widget_type=\"spacer.default\">\n\t\t\t\t\t\t\t<div class=\"elementor-spacer\">\n\t\t\t<div class=\"elementor-spacer-inner\"><\/div>\n\t\t<\/div>\n\t\t\t\t\t\t<\/div>\n\t\t\t\t\t<\/div>\n\t\t\t\t<\/div>\n\t\t<div data-aos-once=\"true\" class=\"elementor-element elementor-element-bd204cb e-flex e-con-boxed e-con e-parent\" data-id=\"bd204cb\" data-element_type=\"container\" data-e-type=\"container\">\n\t\t\t\t\t<div class=\"e-con-inner\">\n\t\t\t\t<div data-aos-once=\"true\" class=\"elementor-element elementor-element-9c4ac37 elementor-widget elementor-widget-heading\" data-id=\"9c4ac37\" data-element_type=\"widget\" data-e-type=\"widget\" data-widget_type=\"heading.default\">\n\t\t\t\t\t<h1 class=\"elementor-heading-title elementor-size-default\">Pol\u00edtica de privacidade<\/h1>\t\t\t\t<\/div>\n\t\t\t\t\t<\/div>\n\t\t\t\t<\/div>\n\t\t<div data-aos-once=\"true\" class=\"elementor-element elementor-element-4d06a13 e-flex e-con-boxed e-con e-parent\" data-id=\"4d06a13\" data-element_type=\"container\" data-e-type=\"container\">\n\t\t\t\t\t<div class=\"e-con-inner\">\n\t\t\t\t<div data-aos-once=\"true\" class=\"elementor-element elementor-element-e7641f1 elementor-widget elementor-widget-text-editor\" data-id=\"e7641f1\" data-element_type=\"widget\" data-e-type=\"widget\" data-widget_type=\"text-editor.default\">\n\t\t\t\t\t\t\t\t\t<div class=\"flex flex-col text-sm pb-25\"><article class=\"text-token-text-primary w-full focus:outline-none [--shadow-height:45px] has-data-writing-block:pointer-events-none has-data-writing-block:-mt-(--shadow-height) has-data-writing-block:pt-(--shadow-height) [&amp;:has([data-writing-block])&gt;*]:pointer-events-auto scroll-mt-[calc(var(--header-height)+min(200px,max(70px,20svh)))]\" dir=\"auto\" tabindex=\"-1\" data-turn-id=\"request-69a5af8e-1d8c-832a-aed6-4b5ff6158032-14\" data-testid=\"conversation-turn-60\" data-scroll-anchor=\"true\" data-turn=\"assistant\"><div class=\"text-base my-auto mx-auto pb-10 [--thread-content-margin:var(--thread-content-margin-xs,calc(var(--spacing)*4))] @w-sm\/main:[--thread-content-margin:var(--thread-content-margin-sm,calc(var(--spacing)*6))] @w-lg\/main:[--thread-content-margin:var(--thread-content-margin-lg,calc(var(--spacing)*16))] px-(--thread-content-margin)\"><div class=\"[--thread-content-max-width:40rem] @w-lg\/main:[--thread-content-max-width:48rem] mx-auto max-w-(--thread-content-max-width) flex-1 group\/turn-messages focus-visible:outline-hidden relative flex w-full min-w-0 flex-col agent-turn\" tabindex=\"-1\"><div class=\"flex max-w-full flex-col gap-4 grow\"><div class=\"min-h-8 text-message relative flex w-full flex-col items-end gap-2 text-start break-words whitespace-normal [.text-message+&amp;]:mt-1\" dir=\"auto\" data-message-author-role=\"assistant\" data-message-id=\"d8871bcc-b083-4baf-b93b-6acabc7f0bb0\" data-message-model-slug=\"gpt-5-3\"><div class=\"flex w-full flex-col gap-1 empty:hidden\"><div class=\"markdown prose dark:prose-invert w-full wrap-break-word light markdown-new-styling\"><p data-start=\"0\" data-end=\"224\">A sua privacidade \u00e9 importante para n\u00f3s. Por esse motivo, a Funda\u00e7\u00e3o Vieira Gomes compromete-se a proteger qualquer informa\u00e7\u00e3o pessoal recolhida atrav\u00e9s do site <a href=\"https:\/\/fluxodigital.fuvigo.com\/\">fuvigo.com<\/a> ou de outros sites que possu\u00edmos e operamos.<\/p><p data-start=\"226\" data-end=\"548\">De forma geral, recolhemos dados pessoais apenas quando s\u00e3o necess\u00e1rios para prestar um servi\u00e7o. Al\u00e9m disso, essa recolha \u00e9 feita de forma legal, transparente e sempre com o conhecimento e consentimento do utilizador. Da mesma forma, explicamos a finalidade da recolha e a forma como os dados ser\u00e3o utilizados.<\/p><p data-start=\"550\" data-end=\"810\">Por outro lado, mantemos essas informa\u00e7\u00f5es apenas durante o per\u00edodo necess\u00e1rio para prestar o servi\u00e7o solicitado. Entretanto, aplicamos medidas de seguran\u00e7a adequadas para proteger os dados contra perdas, acessos indevidos ou utiliza\u00e7\u00e3o n\u00e3o autorizada.<\/p><p data-start=\"812\" data-end=\"920\">Al\u00e9m disso, n\u00e3o partilhamos informa\u00e7\u00f5es pessoais com terceiros, exceto quando tal \u00e9 exigido por lei.<\/p><h3 data-start=\"922\" data-end=\"1118\">Liga\u00e7\u00f5es externas<\/h3><\/div><p data-start=\"922\" data-end=\"1118\">O nosso site pode conter liga\u00e7\u00f5es para p\u00e1ginas externas. No entanto, n\u00e3o temos controlo sobre esses sites e, por isso, n\u00e3o podemos assumir responsabilidade pelas suas pol\u00edticas de privacidade.<\/p><p data-start=\"1120\" data-end=\"1338\" data-is-last-node=\"\" data-is-only-node=\"\">Por fim, ao continuar a utilizar o nosso site, considera-se que aceita as nossas pr\u00e1ticas relacionadas com privacidade e tratamento de dados. Caso tenha alguma d\u00favida, poder\u00e1 sempre entrar em contacto connosco.<\/p><\/div><\/div><\/div><\/div><\/div><\/article><\/div>\t\t\t\t\t\t\t\t<\/div>\n\t\t\t\t\t<\/div>\n\t\t\t\t<\/div>\n\t\t<div data-aos-once=\"true\" class=\"elementor-element elementor-element-a81b8fa e-flex e-con-boxed e-con e-parent\" data-id=\"a81b8fa\" data-element_type=\"container\" data-e-type=\"container\">\n\t\t\t\t\t<div class=\"e-con-inner\">\n\t\t\t\t<div data-aos-once=\"true\" class=\"elementor-element elementor-element-96f188c elementor-widget elementor-widget-heading\" data-id=\"96f188c\" data-element_type=\"widget\" data-e-type=\"widget\" data-widget_type=\"heading.default\">\n\t\t\t\t\t<h3 class=\"elementor-heading-title elementor-size-default\">Compromisso do utilizador<\/h3>\t\t\t\t<\/div>\n\t\t\t\t\t<\/div>\n\t\t\t\t<\/div>\n\t\t<div data-aos-once=\"true\" class=\"elementor-element elementor-element-b9c035e e-flex e-con-boxed e-con e-parent\" data-id=\"b9c035e\" data-element_type=\"container\" data-e-type=\"container\">\n\t\t\t\t\t<div class=\"e-con-inner\">\n\t\t\t\t<div data-aos-once=\"true\" class=\"elementor-element elementor-element-95d842c elementor-widget elementor-widget-text-editor\" data-id=\"95d842c\" data-element_type=\"widget\" data-e-type=\"widget\" data-widget_type=\"text-editor.default\">\n\t\t\t\t\t\t\t\t\t<p data-start=\"0\" data-end=\"355\">O utilizador compromete-se a utilizar de forma adequada os conte\u00fados e as informa\u00e7\u00f5es disponibilizados pela Funda\u00e7\u00e3o Vieira Gomes neste site. Assim, a utiliza\u00e7\u00e3o do site deve respeitar os princ\u00edpios da boa-f\u00e9, da legalidade e da ordem p\u00fablica. De forma exemplificativa, mas n\u00e3o limitativa, o utilizador concorda em cumprir as seguintes regras:<\/p><p data-start=\"357\" data-end=\"471\">A) Em primeiro lugar, n\u00e3o participar em atividades ilegais ou que sejam contr\u00e1rias \u00e0 boa-f\u00e9 e \u00e0 ordem p\u00fablica.<\/p><p data-start=\"473\" data-end=\"696\">B) Al\u00e9m disso, n\u00e3o divulgar ou partilhar conte\u00fados de natureza racista, xen\u00f3foba, relacionados com jogos de azar ou apostas, pornografia ilegal, apologia ao terrorismo ou qualquer conte\u00fado que viole os direitos humanos.<\/p><p data-start=\"698\" data-end=\"1027\" data-is-last-node=\"\" data-is-only-node=\"\">C) Por fim, n\u00e3o causar danos aos sistemas f\u00edsicos (hardware) e l\u00f3gicos (software) da Funda\u00e7\u00e3o Vieira Gomes, dos seus fornecedores ou de terceiros. Da mesma forma, compromete-se a n\u00e3o introduzir ou disseminar v\u00edrus inform\u00e1ticos ou qualquer outro tipo de software ou sistema que possa provocar danos nos referidos sistemas.<\/p>\t\t\t\t\t\t\t\t<\/div>\n\t\t\t\t\t<\/div>\n\t\t\t\t<\/div>\n\t\t<div data-aos-once=\"true\" class=\"elementor-element elementor-element-3eefa26 e-flex e-con-boxed e-con e-parent\" data-id=\"3eefa26\" data-element_type=\"container\" data-e-type=\"container\">\n\t\t\t\t\t<div class=\"e-con-inner\">\n\t\t\t\t<div data-aos-once=\"true\" class=\"elementor-element elementor-element-da72c64 elementor-widget elementor-widget-heading\" data-id=\"da72c64\" data-element_type=\"widget\" data-e-type=\"widget\" data-widget_type=\"heading.default\">\n\t\t\t\t\t<h3 class=\"elementor-heading-title elementor-size-default\">Mais informa\u00e7\u00f5es<\/h3>\t\t\t\t<\/div>\n\t\t\t\t\t<\/div>\n\t\t\t\t<\/div>\n\t\t<div data-aos-once=\"true\" class=\"elementor-element elementor-element-d81bc41 e-flex e-con-boxed e-con e-parent\" data-id=\"d81bc41\" data-element_type=\"container\" data-e-type=\"container\">\n\t\t\t\t\t<div class=\"e-con-inner\">\n\t\t\t\t<div data-aos-once=\"true\" class=\"elementor-element elementor-element-58c1897 elementor-widget elementor-widget-text-editor\" data-id=\"58c1897\" data-element_type=\"widget\" data-e-type=\"widget\" data-widget_type=\"text-editor.default\">\n\t\t\t\t\t\t\t\t\t<p data-start=\"0\" data-end=\"394\">Esperamos que esta informa\u00e7\u00e3o tenha sido \u00fatil e que tenha esclarecido eventuais d\u00favidas. No entanto, caso ainda exista alguma quest\u00e3o ou incerteza, recomendamos, por precau\u00e7\u00e3o, manter os cookies ativados. Dessa forma, garante que todas as funcionalidades e recursos do nosso site continuam a funcionar corretamente, especialmente se interagir com alguma das ferramentas dispon\u00edveis.<\/p><p data-start=\"396\" data-end=\"494\" data-is-last-node=\"\" data-is-only-node=\"\">Por fim, informamos que esta pol\u00edtica est\u00e1 em vigor desde 26 de janeiro de 2023, \u00e0s 10:16.<\/p>\t\t\t\t\t\t\t\t<\/div>\n\t\t\t\t\t<\/div>\n\t\t\t\t<\/div>\n\t\t<div data-aos-once=\"true\" class=\"elementor-element elementor-element-b4cd448 e-flex e-con-boxed e-con e-parent\" data-id=\"b4cd448\" data-element_type=\"container\" data-e-type=\"container\">\n\t\t\t\t\t<div class=\"e-con-inner\">\n\t\t\t\t<div data-aos-once=\"true\" class=\"elementor-element elementor-element-0d9841f elementor-widget elementor-widget-spacer\" data-id=\"0d9841f\" data-element_type=\"widget\" data-e-type=\"widget\" data-widget_type=\"spacer.default\">\n\t\t\t\t\t\t\t<div class=\"elementor-spacer\">\n\t\t\t<div class=\"elementor-spacer-inner\"><\/div>\n\t\t<\/div>\n\t\t\t\t\t\t<\/div>\n\t\t\t\t\t<\/div>\n\t\t\t\t<\/div>\n\t\t\t\t<\/div>\n\t\t","protected":false},"excerpt":{"rendered":"<p>Pol\u00edtica de privacidade A sua privacidade \u00e9 importante para n\u00f3s. Por esse motivo, a Funda\u00e7\u00e3o Vieira Gomes compromete-se a proteger qualquer informa\u00e7\u00e3o pessoal recolhida atrav\u00e9s do site fuvigo.com ou de outros sites que possu\u00edmos e operamos. De forma geral, recolhemos dados pessoais apenas quando s\u00e3o necess\u00e1rios para prestar um servi\u00e7o. Al\u00e9m disso, essa recolha \u00e9 [&hellip;]<\/p>\n","protected":false},"author":1,"featured_media":0,"parent":0,"menu_order":0,"comment_status":"closed","ping_status":"closed","template":"","meta":{"footnotes":""},"class_list":["post-172247","page","type-page","status-publish","hentry"],"yoast_head":"<!-- This site is optimized with the Yoast SEO plugin v27.5 - https:\/\/yoast.com\/product\/yoast-seo-wordpress\/ -->\n<title>Pol\u00edtica Privacidade<\/title>\n<meta name=\"description\" content=\"Uma pol\u00edtica privacidade \u00e9 um documento legal obrigat\u00f3rio que informa aos utilizadores como um site recolhe, utilizae partilha os seus dados.\" \/>\n<meta name=\"robots\" content=\"index, follow, max-snippet:-1, max-image-preview:large, max-video-preview:-1\" \/>\n<link rel=\"canonical\" href=\"https:\/\/fluxodigital.fuvigo.com\/index.php\/politica-privacidade\/\" \/>\n<meta property=\"og:locale\" content=\"pt_PT\" \/>\n<meta property=\"og:type\" content=\"article\" \/>\n<meta property=\"og:title\" content=\"Pol\u00edtica Privacidade\" \/>\n<meta property=\"og:description\" content=\"Uma pol\u00edtica privacidade \u00e9 um documento legal obrigat\u00f3rio que informa aos utilizadores como um site recolhe, utilizae partilha os seus dados.\" \/>\n<meta property=\"og:url\" content=\"https:\/\/fluxodigital.fuvigo.com\/index.php\/politica-privacidade\/\" \/>\n<meta property=\"og:site_name\" content=\"Funda\u00e7\u00e3o Vieira Gomes\" \/>\n<meta property=\"article:modified_time\" content=\"2026-04-30T09:39:57+00:00\" \/>\n<meta name=\"twitter:card\" content=\"summary_large_image\" \/>\n<meta name=\"twitter:label1\" content=\"Tempo estimado de leitura\" \/>\n\t<meta name=\"twitter:data1\" content=\"3 minutos\" \/>\n<script type=\"application\/ld+json\" class=\"yoast-schema-graph\">{\"@context\":\"https:\\\/\\\/schema.org\",\"@graph\":[{\"@type\":\"WebPage\",\"@id\":\"https:\\\/\\\/fluxodigital.fuvigo.com\\\/index.php\\\/politica-privacidade\\\/\",\"url\":\"https:\\\/\\\/fluxodigital.fuvigo.com\\\/index.php\\\/politica-privacidade\\\/\",\"name\":\"Pol\u00edtica Privacidade\",\"isPartOf\":{\"@id\":\"https:\\\/\\\/fluxodigital.fuvigo.com\\\/#website\"},\"datePublished\":\"2026-03-12T12:31:36+00:00\",\"dateModified\":\"2026-04-30T09:39:57+00:00\",\"description\":\"Uma pol\u00edtica privacidade \u00e9 um documento legal obrigat\u00f3rio que informa aos utilizadores como um site recolhe, utilizae partilha os seus dados.\",\"breadcrumb\":{\"@id\":\"https:\\\/\\\/fluxodigital.fuvigo.com\\\/index.php\\\/politica-privacidade\\\/#breadcrumb\"},\"inLanguage\":\"pt-PT\",\"potentialAction\":[{\"@type\":\"ReadAction\",\"target\":[\"https:\\\/\\\/fluxodigital.fuvigo.com\\\/index.php\\\/politica-privacidade\\\/\"]}]},{\"@type\":\"BreadcrumbList\",\"@id\":\"https:\\\/\\\/fluxodigital.fuvigo.com\\\/index.php\\\/politica-privacidade\\\/#breadcrumb\",\"itemListElement\":[{\"@type\":\"ListItem\",\"position\":1,\"name\":\"In\u00edcio\",\"item\":\"https:\\\/\\\/fluxodigital.fuvigo.com\\\/\"},{\"@type\":\"ListItem\",\"position\":2,\"name\":\"Pol\u00edtica Privacidade\"}]},{\"@type\":\"WebSite\",\"@id\":\"https:\\\/\\\/fluxodigital.fuvigo.com\\\/#website\",\"url\":\"https:\\\/\\\/fluxodigital.fuvigo.com\\\/\",\"name\":\"Funda\u00e7\u00e3o Vieira Gomes\",\"description\":\"\",\"potentialAction\":[{\"@type\":\"SearchAction\",\"target\":{\"@type\":\"EntryPoint\",\"urlTemplate\":\"https:\\\/\\\/fluxodigital.fuvigo.com\\\/?s={search_term_string}\"},\"query-input\":{\"@type\":\"PropertyValueSpecification\",\"valueRequired\":true,\"valueName\":\"search_term_string\"}}],\"inLanguage\":\"pt-PT\"}]}<\/script>\n<!-- \/ Yoast SEO plugin. -->","yoast_head_json":{"title":"Pol\u00edtica Privacidade","description":"Uma pol\u00edtica privacidade \u00e9 um documento legal obrigat\u00f3rio que informa aos utilizadores como um site recolhe, utilizae partilha os seus dados.","robots":{"index":"index","follow":"follow","max-snippet":"max-snippet:-1","max-image-preview":"max-image-preview:large","max-video-preview":"max-video-preview:-1"},"canonical":"https:\/\/fluxodigital.fuvigo.com\/index.php\/politica-privacidade\/","og_locale":"pt_PT","og_type":"article","og_title":"Pol\u00edtica Privacidade","og_description":"Uma pol\u00edtica privacidade \u00e9 um documento legal obrigat\u00f3rio que informa aos utilizadores como um site recolhe, utilizae partilha os seus dados.","og_url":"https:\/\/fluxodigital.fuvigo.com\/index.php\/politica-privacidade\/","og_site_name":"Funda\u00e7\u00e3o Vieira Gomes","article_modified_time":"2026-04-30T09:39:57+00:00","twitter_card":"summary_large_image","twitter_misc":{"Tempo estimado de leitura":"3 minutos"},"schema":{"@context":"https:\/\/schema.org","@graph":[{"@type":"WebPage","@id":"https:\/\/fluxodigital.fuvigo.com\/index.php\/politica-privacidade\/","url":"https:\/\/fluxodigital.fuvigo.com\/index.php\/politica-privacidade\/","name":"Pol\u00edtica Privacidade","isPartOf":{"@id":"https:\/\/fluxodigital.fuvigo.com\/#website"},"datePublished":"2026-03-12T12:31:36+00:00","dateModified":"2026-04-30T09:39:57+00:00","description":"Uma pol\u00edtica privacidade \u00e9 um documento legal obrigat\u00f3rio que informa aos utilizadores como um site recolhe, utilizae partilha os seus dados.","breadcrumb":{"@id":"https:\/\/fluxodigital.fuvigo.com\/index.php\/politica-privacidade\/#breadcrumb"},"inLanguage":"pt-PT","potentialAction":[{"@type":"ReadAction","target":["https:\/\/fluxodigital.fuvigo.com\/index.php\/politica-privacidade\/"]}]},{"@type":"BreadcrumbList","@id":"https:\/\/fluxodigital.fuvigo.com\/index.php\/politica-privacidade\/#breadcrumb","itemListElement":[{"@type":"ListItem","position":1,"name":"In\u00edcio","item":"https:\/\/fluxodigital.fuvigo.com\/"},{"@type":"ListItem","position":2,"name":"Pol\u00edtica Privacidade"}]},{"@type":"WebSite","@id":"https:\/\/fluxodigital.fuvigo.com\/#website","url":"https:\/\/fluxodigital.fuvigo.com\/","name":"Funda\u00e7\u00e3o Vieira Gomes","description":"","potentialAction":[{"@type":"SearchAction","target":{"@type":"EntryPoint","urlTemplate":"https:\/\/fluxodigital.fuvigo.com\/?s={search_term_string}"},"query-input":{"@type":"PropertyValueSpecification","valueRequired":true,"valueName":"search_term_string"}}],"inLanguage":"pt-PT"}]}},"_links":{"self":[{"href":"https:\/\/fluxodigital.fuvigo.com\/index.php\/wp-json\/wp\/v2\/pages\/172247","targetHints":{"allow":["GET"]}}],"collection":[{"href":"https:\/\/fluxodigital.fuvigo.com\/index.php\/wp-json\/wp\/v2\/pages"}],"about":[{"href":"https:\/\/fluxodigital.fuvigo.com\/index.php\/wp-json\/wp\/v2\/types\/page"}],"author":[{"embeddable":true,"href":"https:\/\/fluxodigital.fuvigo.com\/index.php\/wp-json\/wp\/v2\/users\/1"}],"replies":[{"embeddable":true,"href":"https:\/\/fluxodigital.fuvigo.com\/index.php\/wp-json\/wp\/v2\/comments?post=172247"}],"version-history":[{"count":20,"href":"https:\/\/fluxodigital.fuvigo.com\/index.php\/wp-json\/wp\/v2\/pages\/172247\/revisions"}],"predecessor-version":[{"id":172715,"href":"https:\/\/fluxodigital.fuvigo.com\/index.php\/wp-json\/wp\/v2\/pages\/172247\/revisions\/172715"}],"wp:attachment":[{"href":"https:\/\/fluxodigital.fuvigo.com\/index.php\/wp-json\/wp\/v2\/media?parent=172247"}],"curies":[{"name":"wp","href":"https:\/\/api.w.org\/{rel}","templated":true}]}}